{"id":334,"date":"2024-01-26T08:43:30","date_gmt":"2024-01-26T08:43:30","guid":{"rendered":"https:\/\/image-kiel.de\/?page_id=334"},"modified":"2024-04-04T13:07:12","modified_gmt":"2024-04-04T13:07:12","slug":"334-2","status":"publish","type":"page","link":"https:\/\/image-kiel.de\/?page_id=334","title":{"rendered":"Agentur"},"content":{"rendered":"<p>[et_pb_section fb_built=&#8220;1&#8243; admin_label=&#8220;Hero&#8220; _builder_version=&#8220;4.23.4&#8243; background_color=&#8220;#fcd21d&#8220; use_background_color_gradient=&#8220;on&#8220; background_color_gradient_stops=&#8220;#000000 0%|#e02b20 99%&#8220; background_enable_image=&#8220;off&#8220; custom_padding=&#8220;|||&#8220; animation_style=&#8220;zoom&#8220; animation_intensity_zoom=&#8220;4%&#8220; global_colors_info=&#8220;{}&#8220;][et_pb_row _builder_version=&#8220;4.16&#8243; background_size=&#8220;initial&#8220; background_position=&#8220;top_left&#8220; background_repeat=&#8220;repeat&#8220; custom_padding=&#8220;|||&#8220; animation_style=&#8220;slide&#8220; animation_direction=&#8220;top&#8220; animation_intensity_slide=&#8220;3%&#8220; global_colors_info=&#8220;{}&#8220;][et_pb_column type=&#8220;4_4&#8243; _builder_version=&#8220;4.16&#8243; custom_padding=&#8220;|||&#8220; global_colors_info=&#8220;{}&#8220; custom_padding__hover=&#8220;|||&#8220;][et_pb_text _builder_version=&#8220;4.23.4&#8243; text_font=&#8220;Montserrat|500||on|||||&#8220; text_text_color=&#8220;#FFFFFF&#8220; text_font_size=&#8220;16px&#8220; text_letter_spacing=&#8220;3px&#8220; background_size=&#8220;initial&#8220; background_position=&#8220;top_left&#8220; background_repeat=&#8220;repeat&#8220; custom_margin=&#8220;||45px|&#8220; animation_style=&#8220;slide&#8220; animation_direction=&#8220;bottom&#8220; locked=&#8220;off&#8220; global_colors_info=&#8220;{}&#8220;]<\/p>\n<p>IMAGE Marketing GmbH<\/p>\n<p>[\/et_pb_text][et_pb_text _builder_version=&#8220;4.23.4&#8243; text_font=&#8220;Cairo|700||on|||||&#8220; text_text_color=&#8220;#FFFFFF&#8220; text_font_size=&#8220;68px&#8220; header_font=&#8220;Montserrat|700||on|||||&#8220; header_text_color=&#8220;#353740&#8243; header_font_size=&#8220;60px&#8220; header_line_height=&#8220;1.3em&#8220; background_size=&#8220;initial&#8220; background_position=&#8220;top_left&#8220; background_repeat=&#8220;repeat&#8220; custom_margin=&#8220;|||&#8220; animation_style=&#8220;fade&#8220; header_font_size_last_edited=&#8220;off|desktop&#8220; locked=&#8220;off&#8220; global_colors_info=&#8220;{}&#8220;]<\/p>\n<p>Agentur<\/p>\n<p>[\/et_pb_text][\/et_pb_column][\/et_pb_row][\/et_pb_section][et_pb_section fb_built=&#8220;1&#8243; admin_label=&#8220;Approach&#8220; _builder_version=&#8220;4.20.0&#8243; _module_preset=&#8220;default&#8220; collapsed=&#8220;on&#8220; global_colors_info=&#8220;{}&#8220;][et_pb_row column_structure=&#8220;1_2,1_2&#8243; _builder_version=&#8220;4.20.0&#8243; _module_preset=&#8220;default&#8220; global_colors_info=&#8220;{}&#8220;][et_pb_column type=&#8220;1_2&#8243; _builder_version=&#8220;4.20.0&#8243; _module_preset=&#8220;default&#8220; global_colors_info=&#8220;{}&#8220;][et_pb_image src=&#8220;https:\/\/image-kiel.de\/wp-content\/uploads\/2024\/01\/co-working-14.png&#8220; title_text=&#8220;co-working-36&#8243; _builder_version=&#8220;4.20.0&#8243; _module_preset=&#8220;default&#8220; background_image=&#8220;https:\/\/image-kiel.de\/wp-content\/uploads\/2024\/01\/co-working-36.jpg&#8220; global_colors_info=&#8220;{}&#8220;][\/et_pb_image][et_pb_text _builder_version=&#8220;4.20.0&#8243; _module_preset=&#8220;42db2a2d-f756-4405-adad-c38cbe3c4fbe&#8220; global_colors_info=&#8220;{}&#8220;]<\/p>\n<h3><strong>Gute Werbung wirkt!<\/strong><\/h3>\n<p>Die Gewinnung des <strong>\u00f6ffentlichen Vertrauens<\/strong> und der nachhaltigen Glaubw\u00fcrdigkeit ist oberstes Ziel der \u00d6ffentlichkeitsarbeit.<\/p>\n<p>Mit unserer Erfahrung setzen wir die K\u00f6nigsdisziplin der Marketing- und Werbema\u00dfnahmen dort ein, wo sie Ihnen den gr\u00f6\u00dftm\u00f6glichen Nutzen erm\u00f6glicht.<\/p>\n<p>[\/et_pb_text][\/et_pb_column][et_pb_column type=&#8220;1_2&#8243; _builder_version=&#8220;4.20.0&#8243; _module_preset=&#8220;default&#8220; global_colors_info=&#8220;{}&#8220;][et_pb_text _builder_version=&#8220;4.23.4&#8243; _module_preset=&#8220;ac26f0ac-4cc1-46eb-921f-0180f7023e7d&#8220; text_font=&#8220;Cairo||||||||&#8220; header_2_font=&#8220;Cairo|500|||||||&#8220; global_colors_info=&#8220;{}&#8220;]<\/p>\n<h2>Im K\u00f6nigsweg zuhause<\/h2>\n<p>[\/et_pb_text][et_pb_text _builder_version=&#8220;4.20.0&#8243; _module_preset=&#8220;42db2a2d-f756-4405-adad-c38cbe3c4fbe&#8220; global_colors_info=&#8220;{}&#8220;]<\/p>\n<h3><strong>Werbung nervt?<\/strong><\/h3>\n<p>Uns nicht. Ohne Werbung l\u00e4uft es einfach nicht rund. Mit Hilfe unserer Full-Service-Agentur wird auch Ihre Werbung erfolgreich.\u00a0<\/p>\n<p>Von der Beratung \u00fcber Marketing-Analysen, Umsetzung Ihrer Werbeaktionen, einer wirksamen Internetseite bis hin zu ganzheitlichen Konzepten bietet IMAGE Marketing Ihnen einen kompetenten Rundum-Service.<\/p>\n<p>[\/et_pb_text][et_pb_image src=&#8220;https:\/\/image-kiel.de\/wp-content\/uploads\/2024\/01\/co-working-15.png&#8220; title_text=&#8220;co-working-29&#8243; _builder_version=&#8220;4.20.0&#8243; _module_preset=&#8220;default&#8220; background_image=&#8220;https:\/\/image-kiel.de\/wp-content\/uploads\/2024\/01\/co-working-29.jpg&#8220; global_colors_info=&#8220;{}&#8220;][\/et_pb_image][\/et_pb_column][\/et_pb_row][\/et_pb_section][et_pb_section fb_built=&#8220;1&#8243; admin_label=&#8220;Testimonials&#8220; _builder_version=&#8220;4.20.0&#8243; _module_preset=&#8220;default&#8220; collapsed=&#8220;on&#8220; global_colors_info=&#8220;{}&#8220;][et_pb_row _builder_version=&#8220;4.20.0&#8243; _module_preset=&#8220;default&#8220; border_radii=&#8220;on|17px|17px|17px|17px&#8220; border_width_all=&#8220;1px&#8220; border_color_all=&#8220;#d3d3d3&#8243; global_colors_info=&#8220;{}&#8220;][et_pb_column type=&#8220;4_4&#8243; _builder_version=&#8220;4.20.0&#8243; _module_preset=&#8220;default&#8220; global_colors_info=&#8220;{}&#8220;][et_pb_icon font_icon=&#8220;&#x7b;||divi||400&#8243; icon_color=&#8220;#000000&#8243; icon_width_tablet=&#8220;56px&#8220; icon_width_phone=&#8220;36px&#8220; icon_width_last_edited=&#8220;on|phone&#8220; _builder_version=&#8220;4.20.0&#8243; _module_preset=&#8220;default&#8220; custom_margin=&#8220;||0px||false|false&#8220; global_colors_info=&#8220;{}&#8220;][\/et_pb_icon][et_pb_slider _builder_version=&#8220;4.23.4&#8243; _module_preset=&#8220;ee659675-a7d3-4b2c-b05c-f3a987f5c71f&#8220; min_height=&#8220;182px&#8220; locked=&#8220;off&#8220; global_colors_info=&#8220;{}&#8220;][et_pb_slide heading=&#8220;\u00abGoogle liebt dich nur, wenn dich zuerst alle anderen lieben.\u00bb Wendy Piersall&#8220; _builder_version=&#8220;4.23.4&#8243; _module_preset=&#8220;default&#8220; background_color=&#8220;RGBA(255,255,255,0)&#8220; background_enable_color=&#8220;on&#8220; locked=&#8220;off&#8220; global_colors_info=&#8220;{}&#8220; sticky_transition=&#8220;on&#8220;]<\/p>\n<p>Rehaan Whitfield<\/p>\n<p>[\/et_pb_slide][\/et_pb_slider][\/et_pb_column][\/et_pb_row][\/et_pb_section][et_pb_section fb_built=&#8220;1&#8243; admin_label=&#8220;CTA&#8220; _builder_version=&#8220;4.20.0&#8243; _module_preset=&#8220;default&#8220; background_image=&#8220;https:\/\/image-kiel.de\/wp-content\/uploads\/2024\/01\/co-working-08.jpeg&#8220; collapsed=&#8220;on&#8220; global_colors_info=&#8220;{}&#8220;][et_pb_row column_structure=&#8220;1_2,1_2&#8243; _builder_version=&#8220;4.20.0&#8243; _module_preset=&#8220;default&#8220; global_colors_info=&#8220;{}&#8220;][et_pb_column type=&#8220;1_2&#8243; _builder_version=&#8220;4.20.0&#8243; _module_preset=&#8220;default&#8220; global_colors_info=&#8220;{}&#8220;][et_pb_text _builder_version=&#8220;4.20.0&#8243; _module_preset=&#8220;ac26f0ac-4cc1-46eb-921f-0180f7023e7d&#8220; global_colors_info=&#8220;{}&#8220;]<\/p>\n<h2>Lern uns mal kennen<\/h2>\n<p>[\/et_pb_text][et_pb_text _builder_version=&#8220;4.20.0&#8243; _module_preset=&#8220;42db2a2d-f756-4405-adad-c38cbe3c4fbe&#8220; global_colors_info=&#8220;{}&#8220;]<\/p>\n<p><span>Bei IMAGE Marketing verstehen wir, dass der Schl\u00fcssel zum Erfolg in der Partnerschaft liegt. Wir arbeiten eng mit unseren Kunden zusammen, h\u00f6ren auf ihre Bed\u00fcrfnisse, Ideen und Ziele, und setzen alles daran, ihre Erwartungen zu \u00fcbertreffen.<\/span><\/p>\n<p>[\/et_pb_text][et_pb_button button_url=&#8220;@ET-DC@eyJkeW5hbWljIjp0cnVlLCJjb250ZW50IjoicG9zdF9saW5rX3VybF9wYWdlIiwic2V0dGluZ3MiOnsicG9zdF9pZCI6IjI0MSJ9fQ==@&#8220; button_text=&#8220;Kontakt&#8220; _builder_version=&#8220;4.23.4&#8243; _dynamic_attributes=&#8220;button_url&#8220; _module_preset=&#8220;4d042233-41ce-4155-9d1b-4319241dad7a&#8220; locked=&#8220;off&#8220; global_colors_info=&#8220;{}&#8220;][\/et_pb_button][\/et_pb_column][et_pb_column type=&#8220;1_2&#8243; _builder_version=&#8220;4.20.0&#8243; _module_preset=&#8220;default&#8220; global_colors_info=&#8220;{}&#8220;][\/et_pb_column][\/et_pb_row][\/et_pb_section]<\/p>\n","protected":false},"excerpt":{"rendered":"<p>IMAGE Marketing GmbHAgenturGute Werbung wirkt! Die Gewinnung des \u00f6ffentlichen Vertrauens und der nachhaltigen Glaubw\u00fcrdigkeit ist oberstes Ziel der \u00d6ffentlichkeitsarbeit. Mit unserer Erfahrung setzen wir die K\u00f6nigsdisziplin der Marketing- und Werbema\u00dfnahmen dort ein, wo sie Ihnen den gr\u00f6\u00dftm\u00f6glichen Nutzen erm\u00f6glicht.Im K\u00f6nigsweg zuhauseWerbung nervt? Uns nicht. Ohne Werbung l\u00e4uft es einfach nicht rund. Mit Hilfe unserer Full-Service-Agentur [&hellip;]<\/p>\n","protected":false},"author":1,"featured_media":0,"parent":0,"menu_order":0,"comment_status":"closed","ping_status":"closed","template":"","meta":{"_et_pb_use_builder":"on","_et_pb_old_content":"","_et_gb_content_width":"","footnotes":""},"class_list":["post-334","page","type-page","status-publish","hentry"],"_links":{"self":[{"href":"https:\/\/image-kiel.de\/index.php?rest_route=\/wp\/v2\/pages\/334","targetHints":{"allow":["GET"]}}],"collection":[{"href":"https:\/\/image-kiel.de\/index.php?rest_route=\/wp\/v2\/pages"}],"about":[{"href":"https:\/\/image-kiel.de\/index.php?rest_route=\/wp\/v2\/types\/page"}],"author":[{"embeddable":true,"href":"https:\/\/image-kiel.de\/index.php?rest_route=\/wp\/v2\/users\/1"}],"replies":[{"embeddable":true,"href":"https:\/\/image-kiel.de\/index.php?rest_route=%2Fwp%2Fv2%2Fcomments&post=334"}],"version-history":[{"count":7,"href":"https:\/\/image-kiel.de\/index.php?rest_route=\/wp\/v2\/pages\/334\/revisions"}],"predecessor-version":[{"id":452,"href":"https:\/\/image-kiel.de\/index.php?rest_route=\/wp\/v2\/pages\/334\/revisions\/452"}],"wp:attachment":[{"href":"https:\/\/image-kiel.de\/index.php?rest_route=%2Fwp%2Fv2%2Fmedia&parent=334"}],"curies":[{"name":"wp","href":"https:\/\/api.w.org\/{rel}","templated":true}]}}